{"id":480,"date":"2026-02-27T10:52:08","date_gmt":"2026-02-27T10:52:08","guid":{"rendered":"https:\/\/relastro.uni-frankfurt.de\/newfunfico2026\/?page_id=480"},"modified":"2026-04-29T11:09:31","modified_gmt":"2026-04-29T11:09:31","slug":"participants","status":"publish","type":"page","link":"https:\/\/relastro.uni-frankfurt.de\/newfunfico2026\/participants\/","title":{"rendered":"PARTICIPANTS"},"content":{"rendered":"\n<div class=\"wp-block-cover\" style=\"min-height:255px;aspect-ratio:unset;\"><img fetchpriority=\"high\" decoding=\"async\" width=\"1810\" height=\"1080\" class=\"wp-block-cover__image-background wp-image-497 size-full\" alt=\"\" src=\"http:\/\/relastro.uni-frankfurt.de\/newfunfico2026\/wp-content\/uploads\/sites\/6\/2026\/02\/Magma-turbulent-scaled-e1772190771373.jpg\" style=\"object-position:64% 0%\" data-object-fit=\"cover\" data-object-position=\"64% 0%\" srcset=\"https:\/\/relastro.uni-frankfurt.de\/newfunfico2026\/wp-content\/uploads\/sites\/6\/2026\/02\/Magma-turbulent-scaled-e1772190771373.jpg 1810w, https:\/\/relastro.uni-frankfurt.de\/newfunfico2026\/wp-content\/uploads\/sites\/6\/2026\/02\/Magma-turbulent-scaled-e1772190771373-300x179.jpg 300w, https:\/\/relastro.uni-frankfurt.de\/newfunfico2026\/wp-content\/uploads\/sites\/6\/2026\/02\/Magma-turbulent-scaled-e1772190771373-1024x611.jpg 1024w, https:\/\/relastro.uni-frankfurt.de\/newfunfico2026\/wp-content\/uploads\/sites\/6\/2026\/02\/Magma-turbulent-scaled-e1772190771373-768x458.jpg 768w, https:\/\/relastro.uni-frankfurt.de\/newfunfico2026\/wp-content\/uploads\/sites\/6\/2026\/02\/Magma-turbulent-scaled-e1772190771373-1536x917.jpg 1536w\" sizes=\"(max-width: 1810px) 100vw, 1810px\" \/><span aria-hidden=\"true\" class=\"wp-block-cover__background has-background-dim\" style=\"background-color:#b15022\"><\/span><div class=\"wp-block-cover__inner-container has-global-padding is-layout-constrained wp-block-cover-is-layout-constrained\">\n<p class=\"has-text-align-center has-background-color has-text-color has-link-color has-large-font-size wp-elements-a6c885934312c5103a03ce371ce7ead5\"><strong>PARTICIPANTS<\/strong><\/p>\n<\/div><\/div>\n\n\n\n<p>Number of participants: <strong>39<\/strong><\/p>\n\n\n\n<div class=\"wp-block-columns is-layout-flex wp-container-core-columns-is-layout-28f84493 wp-block-columns-is-layout-flex\">\n<div class=\"wp-block-column is-layout-flow wp-block-column-is-layout-flow\">\n<h4 class=\"wp-block-heading\">Name<\/h4>\n\n\n\n<ul class=\"wp-block-list\">\n<li>Dr. Filippo Camilloni<\/li>\n\n\n\n<li>Prof. Luciano Rezzolla<\/li>\n\n\n\n<li>Dr. Francesco Di Filippo<\/li>\n\n\n\n<li>Dr. Claudio Meringolo<\/li>\n\n\n\n<li>Iv\u00e1n Garibay<\/li>\n\n\n\n<li>Alexander Lasar<\/li>\n\n\n\n<li>Daniel Jampolski<\/li>\n\n\n\n<li>Dr. Jo\u00e3o P. B. Brito<\/li>\n\n\n\n<li>Prof. Carlos Herdeiro<\/li>\n\n\n\n<li>Dr. Chen Liang<\/li>\n\n\n\n<li>Jos\u00e9 Ferreira<\/li>\n\n\n\n<li>Marco Brito<\/li>\n\n\n\n<li>Juan Jos\u00e9 Zald\u00edvar V\u00e1zquez<\/li>\n\n\n\n<li>Manuel Mariano<\/li>\n\n\n\n<li>Dr. Eugen Radu<\/li>\n\n\n\n<li>Pedro Cunha<\/li>\n\n\n\n<li>Keneth Miler<\/li>\n\n\n\n<li>Dr. Saeed Fakhry<\/li>\n\n\n\n<li>Dr. Zhiwei Chen<\/li>\n\n\n\n<li>Marie Cassing<\/li>\n\n\n\n<li>Sara Cesare<\/li>\n\n\n\n<li>Dr. Daniela Doneva<\/li>\n\n\n\n<li>Dr. Nicolas Sanchis-Gual<\/li>\n\n\n\n<li>Dr. H\u00e9ctor R. Olivares S\u00e1nchez<\/li>\n\n\n\n<li>Francesco Marzocco<\/li>\n\n\n\n<li>Juan Calderon Bustillo<\/li>\n\n\n\n<li>Gabriel Ribeiro<\/li>\n\n\n\n<li>Claudio Lazarte<\/li>\n\n\n\n<li>Gabriele Palloni<\/li>\n\n\n\n<li>Akhil Uniyal<\/li>\n\n\n\n<li>Dr. Mauro Giliberti<\/li>\n\n\n\n<li>Khalil Pierre<\/li>\n\n\n\n<li>Ayush Bidlan<\/li>\n\n\n\n<li>Megha Mishra<\/li>\n\n\n\n<li>Dr. Georgios Doulis<\/li>\n\n\n\n<li>Dr. Christian Ecker<\/li>\n\n\n\n<li>J\u00fcrgen Schaffner-Bielich<\/li>\n\n\n\n<li>Prof. Peter Otto Hess<\/li>\n\n\n\n<li>Jos\u00e9 Carlos Olvera Meneses<\/li>\n\n\n\n<li>Jordan Nicoules<\/li>\n<\/ul>\n<\/div>\n\n\n\n<div class=\"wp-block-column is-layout-flow wp-block-column-is-layout-flow\">\n<h4 class=\"wp-block-heading\">Affiliation<\/h4>\n\n\n\n<p>Goethe University Frankfurt (DE)<br>Goethe University Frankfurt (DE)<br>Goethe University Frankfurt (DE)<br>Goethe University Frankfurt (DE)<br>Goethe University Frankfurt (DE)<br>Goethe University Frankfurt (DE)<br>Goethe University Frankfurt (DE)<br>Federal University of Par\u00e1 (BR)<br>University of Aveiro (PT)<br>University of Aveiro (PT)<br>University of Aveiro (PT)<br>University of Aveiro (PT)<br>INAOE (MX)<br>University of Aveiro (PT)<br>University of Aveiro (PT)<br>University of Aveiro (PT)<br>Goethe University Frankfurt (DE)<br>University of Valencia (ES)<br>Goethe University Frankfurt (DE)<br>Goethe University Frankfurt (DE)<br>Scuola Superiore Meridionale (IT)<br>University of Valencia (ES)<br>University of Valencia (ES)<br>University of Aveiro (PT)<br>University of Perugia (IT)<br>IGFAE, University of Santiago de Compostela (ES)<br>Federal University of Par\u00e1 (BR)<br>University of Valencia (ES)<br>University of Valencia (ES)<br>Tsung-Dao Lee Institute (TDLI), SJTU (CN)<br>Goethe University Frankfurt (DE)<br>Goethe University Frankfurt (DE)<br>Sardar Vallabhbhai National Institute of Technology, Surat (IN)<br>Queen Mary University of London (GB)<br>Goethe University Frankfurt (DE)<br>Goethe University Frankfurt (DE)<br>Goethe University Frankfurt (DE)<br>Universidad Nacional Aut\u00f3noma de M\u00e9xico (MX)<br>University of Tuebingen (DE)<br>University of Aveiro (PT)<\/p>\n<\/div>\n<\/div>\n\n\n\n<p><\/p>\n","protected":false},"excerpt":{"rendered":"<p>Number of participants: 39 Name Affiliation Goethe University Frankfurt (DE)Goethe University Frankfurt (DE)Goethe University Frankfurt (DE)Goethe University Frankfurt (DE)Goethe University Frankfurt (DE)Goethe University Frankfurt (DE)Goethe University Frankfurt (DE)Federal University of Par\u00e1 (BR)University of Aveiro (PT)University of Aveiro (PT)University of Aveiro (PT)University of Aveiro (PT)INAOE (MX)University of Aveiro (PT)University of Aveiro (PT)University of Aveiro (PT)Goethe University [&hellip;]<\/p>\n","protected":false},"author":32,"featured_media":0,"parent":0,"menu_order":0,"comment_status":"closed","ping_status":"closed","template":"","meta":{"footnotes":""},"class_list":["post-480","page","type-page","status-publish","hentry"],"_links":{"self":[{"href":"https:\/\/relastro.uni-frankfurt.de\/newfunfico2026\/wp-json\/wp\/v2\/pages\/480","targetHints":{"allow":["GET"]}}],"collection":[{"href":"https:\/\/relastro.uni-frankfurt.de\/newfunfico2026\/wp-json\/wp\/v2\/pages"}],"about":[{"href":"https:\/\/relastro.uni-frankfurt.de\/newfunfico2026\/wp-json\/wp\/v2\/types\/page"}],"author":[{"embeddable":true,"href":"https:\/\/relastro.uni-frankfurt.de\/newfunfico2026\/wp-json\/wp\/v2\/users\/32"}],"replies":[{"embeddable":true,"href":"https:\/\/relastro.uni-frankfurt.de\/newfunfico2026\/wp-json\/wp\/v2\/comments?post=480"}],"version-history":[{"count":59,"href":"https:\/\/relastro.uni-frankfurt.de\/newfunfico2026\/wp-json\/wp\/v2\/pages\/480\/revisions"}],"predecessor-version":[{"id":660,"href":"https:\/\/relastro.uni-frankfurt.de\/newfunfico2026\/wp-json\/wp\/v2\/pages\/480\/revisions\/660"}],"wp:attachment":[{"href":"https:\/\/relastro.uni-frankfurt.de\/newfunfico2026\/wp-json\/wp\/v2\/media?parent=480"}],"curies":[{"name":"wp","href":"https:\/\/api.w.org\/{rel}","templated":true}]}}